f g?
2, 23, 127
Suppose 2*d - 3*k - 2*k = 9590, -4*d = 4*k - 19236. Suppose d = 12*y - 5851. List the prime factors of y.
2, 3, 37
Let n be ((-47)/2)/(3*(-6)/216). Suppose -3*c = 2*x - 836, 35*c = 34*c - 4*x + n. List the prime factors of c.
2, 139
Let p(w) = -w**3 - 46*w**2 + 151*w + 285. What are the prime factors of p(-51)?
3, 23
Suppose -145 = -0*t - 5*t. Suppose -t*i = -19*i - 4830. List the prime factors of i.
3, 7, 23
Suppose 2*b = k - 13, b + 84*k = 79*k + 10. Let j(u) be the third derivative of -7*u**4/8 + 8*u**3/3 + u**2. List the prime factors of j(b).
11
Let m be 0/((4/(-5))/(2/(-5))). Suppose o - 10 - 265 = m. What are the prime factors of o?
5, 11
Let r = 421 - 172. Let p be (4 + -1)/1 - (12 - 386). Let q = p - r. List the prime factors of q.
2
Let n(i) = -500*i - 391. What are the prime factors of n(-8)?
3, 401
Suppose -1022 = -16*v - 8174. What are the prime factors of v/(-4) - 15/(-60)?
2, 7
Suppose -s + 57234 = -r, -s + 57237 = -r - 3*r. What are the prime factors of s?
11, 43
Suppose 32 = -13*m + 71. Suppose -x + 7*k - 9*k + 130 = 0, 381 = m*x - 3*k. List the prime factors of x.
2
Let v be (-32)/(-4) - 60/6. Let a(j) = -36*j + 28. List the prime factors of a(v).
2, 5
Suppose -623*n = -543*n - 8080. Let y = -102 + 48. Let i = y + n. List the prime factors of i.
47
Suppose -4*m = 5*a - 31, -5*a + 10 - 3 = -2*m. Suppose -2*u = l - 189, -2*l + a*l + 369 = 4*u. List the prime factors of u.
3, 31
Let m = 613 + -589. List the prime factors of -6 + (-1680)/(m/(-4)).
2, 137
List the prime factors of (-243)/(-54)*(-6)/9*(-31746)/9.
2, 11, 13, 37
Let b be 2/(-6) - 8/(-24). Suppose 4 = -5*o - 1, -3*u + 4*o + 238 = 0. Suppose -d + q + b*q = -74, d = 2*q + u. List the prime factors of d.
2, 5, 7
Let k(v) = -133*v + 32*v + 35*v - v**2 - 14 + 26*v + 25*v. Let i = -39 + 26. List the prime factors of k(i).
2, 3
Let j = -16932 + 28718. What are the prime factors of j?
2, 71, 83
Let x = -2118 + 7012. List the prime factors of x.
2, 2447
Let t = 30344 - 17586. List the prime factors of t.
2, 6379
Let y be -4 + 1 + 2 + (-14 - -1). Let u(a) = -51*a - 85. What are the prime factors of u(y)?
17, 37
Let m(u) = u**3 + 5*u**2 + 7*u + 12. Let g be m(-4). Suppose j = -2*y + 1032, y - 2*j + g*j = 516. List the prime factors of y.
2, 3, 43
Suppose 57*y + 24*y - 341408 = 188332. List the prime factors of y.
2, 3, 5, 109
Suppose 1371 = 2*d + 3*b, -5*d + 545*b = 549*b - 3410. List the prime factors of d.
2, 3, 113
Suppose -246*x - 8711612 = -772*x. What are the prime factors of x?
2, 7, 13
Suppose 0 = 2*u - 5*m - 31626, 3*u - 4*m + 16610 = 64042. List the prime factors of u.
2, 13, 19
Let a = -96 - -90. What are the prime factors of 9/(((-3)/9)/(46/a))?
3, 23
Let o(p) = -p**3 - 15*p**2 + 16*p - 10. Let s be o(-16). Let v = 124 + s. Suppose -23*l + v = -20*l. What are the prime factors of l?
2, 19
Let t = -79 - -30. Let g = -46 - t. Suppose -g*x - 2*x + 510 = 0. List the prime factors of x.
2, 3, 17
Suppose -8*r + 9 = 81. Let c(a) = a**3 + 7*a**2 + 14*a - 24. Let i(d) = d**3 + 7*d**2 + 15*d - 25. Let u(m) = -5*c(m) + 4*i(m). List the prime factors of u(r).
2, 17
Suppose 4650 = -20*x - 2330. Let r = 890 - x. List the prime factors of r.
3, 7, 59
Suppose -q + 12 - 10 = u, 0 = 2*u + 3*q. Suppose u*v = -v + 2023. What are the prime factors of v?
17
What are the prime factors of ((-1)/1*-1 - 4)*(1344 - 1793)?
3, 449
Let a be 64 + (28/21 - 2/(-3)). Let c = a + -2. What are the prime factors of c?
2
Let s be (0 + (-162)/(-4))*-6. Let w(v) = 104*v**2 + 9*v + 11. Let d be w(-2). Let i = d + s. List the prime factors of i.
2, 83
Let q(x) = 6*x - 12. Let h(c) = -5*c + 9. Let z(b) = -3*h(b) - 4*q(b). What are the prime factors of z(-9)?
2, 3, 17
Let m(t) be the first derivative of t**3/3 + 5*t**2/2 - 16*t - 8. Let k be m(-7). List the prime factors of k*(4 - 2) - -88.
2, 3, 7
Let d be (8 - (-78)/(-18))*18. List the prime factors of ((-628)/14)/(d/(-231)).
157
What are the prime factors of 296272*(-19)/(-152)*(-2)/(2*-2)?
18517
Suppose 9*b = -24 + 69. Suppose -3*f - 322 = -7*k + b*k, -150 = -k - 4*f. What are the prime factors of k?
2, 79
Let i be (20/7 + (-7)/(-49))*1. List the prime factors of (-7 - 114/(-12))/(i/6).
5
Suppose 7*z = 2*z - 3*u - 230, -2*z + u = 103. Let o be 57*-4*13/(-52). Let b = o - z. List the prime factors of b.
2, 53
Let t = 266 + -261. Suppose t*j = 3*r - 1874, j - 1850 = -6*r + 3*r. List the prime factors of r.
2, 3, 103
Let l = -358 - 58. Let y = 886 + l. List the prime factors of y.
2, 5, 47
Let i = 15 + -13. Suppose -f = i*m - 203, -4*m + 9*m - 3*f = 480. List the prime factors of m.
3, 11
Suppose 17*h = 12*h + 25. Suppose -h*l - 2*c + 520 = 0, 3*l = 4*l + 2*c - 112. List the prime factors of l.
2, 3, 17
Suppose 3*l - 158 + 182 = 0, 3*l = -4*c + 141008. List the prime factors of c.
2, 17, 61
Let r = 32175 - 5483. What are the prime factors of r?
2, 6673
Suppose 1050 = 5*a - 2080. What are the prime factors of a?
2, 313
Let z = 1995 - 3260. Let i = z + 2153. List the prime factors of i.
2, 3, 37
List the prime factors of (13416489/(-6))/(-57) - 1/(-2).
2, 5, 3923
Let y(h) = -h**3 + 11*h**2 - 2*h - 11. Suppose -4 = -o - 2. Suppose u - o = 8. List the prime factors of y(u).
3, 23
Let i(k) = -2*k**3 + 36*k**2 - 2*k + 36. Let c be i(18). Let x = 5 - 3. Suppose c = -2*n - 6*p + x*p + 236, 3*p - 357 = -3*n. List the prime factors of n.
2, 3, 5
What are the prime factors of 7561 + (1/2 + 1 - 1125/150)?
5, 1511
Suppose 0 = -2*r - 2, 2 = 3*q - 4*r - 8. Let n be (2 - 17) + 1 + q + -7. Let y = 39 + n. List the prime factors of y.
2, 5
Let x = 117606 + -81163. What are the prime factors of x?
11, 3313
What are the prime factors of ((2/1)/(320/(-52736)))/(2/(-10))?
2, 103
Suppose 29*b - 168 = -23. What are the prime factors of b/(80/428)*(-36)/(-3)?
3, 107
What are the prime factors of 16855*1/(-7)*-14?
2, 5, 3371
Let n = 30 - 44. Let f be (n/4 + 3)*(-18)/1. Suppose -12*k = -f*k - 321. List the prime factors of k.
107
Suppose 4*p + 24 = 0, -6*p + 7*p = -5*a + 60074. List the prime factors of a.
2, 751
Let c = -368 - -363. List the prime factors of 327 + c + 1 - 0.
17, 19
Suppose -48 = 76*n - 88*n. Suppose -q - 3*s + 1198 = 0, -28*s - 4860 = -n*q - 23*s. List the prime factors of q.
2, 5, 11
Suppose -12*q + 8711 = -77822 - 11579. What are the prime factors of q?
2, 7, 73
Let k = -25666 - -40776. List the prime factors of k.
2, 5, 1511
Suppose -j = 3*d - 27914, 0 = -d - 17 + 10. List the prime factors of j.
5, 37, 151
Let v be (-3 + (-6)/(-2))/(0 + 2). Suppose -5*c - 3*z + 257 = v, -5*c + 5*z + 263 = 2*z. List the prime factors of c.
2, 13
Let d(k) = k**3 - 2*k**2 + k - 5. Let w(i) = 9*i**3 - 15*i**2 + 9*i - 42. Let l(t) = 33*d(t) - 4*w(t). List the prime factors of l(-4).
3, 37
Let b(h) = -h**2 - 33*h + 71. Suppose 3*p + 3*c = -81, 3*p = 3*c - 46 - 59. What are the prime factors of b(p)?
7, 19
Let w(p) = p - 8. Let o be w(19). Let d(k) = 2*k + 2*k + o + 27. What are the prime factors of d(9)?
2, 37
Let x be (4 - (0 - 3) - 5)/1. Suppose 0 = o + 2*k - 125, 0 = x*o - 3*o + 5*k + 125. List the prime factors of o.
5
Let p = 309 + -320. List the prime factors of (p + 1)/((-20)/1180).
2, 5, 59
Let t be ((-51)/(-34))/((-1)/(-2)). Let p(y) = 33*y + 39. List the prime factors of p(t).
2, 3, 23
Let x(s) = 5*s - 9. Let d be x(3). Suppose 2*y = 3*o + 1301, 7*y - 5*o = d*y + 647. List the prime factors of y.
2, 163
Let y(i) = 93*i + 4243. List the prime factors of y(0).
4243
Let h = 306 + -193. Suppose -h - 43 = -13*d. What are the prime factors of d?
2, 3
Suppose 28*n - 324648 = -63*n + 19*n. What are the prime factors of n?
3, 167
Let g(d) = -d**3 - 4*d**2 - 4*d - 11. Let a be g(-4). Suppose 0 = a*y - 11*y + 4284. What are the prime factors of y?
2, 3, 7, 17
List the prime factors of (-2)/(-9) + (-170)/(-153) - (-637086)/18.
5, 7079
Let q = 12331 + 3031. What are the prime factors of q?
2, 7681
Suppose 2*h + 6 = -4*p, 4*h - 2*p - 8 = -0*p. Let u be -1 - (5 - h)/(-4). Suppose u*n - 45 = -9*n. List the prime factors of n.
5
Suppose -18*h = 10*h + 33*h - 1414773. List the prime factors of h.
3, 859
Let y(h) = h**3 + 27*h**2 - 96*h - 60. What are the prime factors of y(-15)?
2, 3, 5, 17
Let f = 22080 - 15095. List the prime factors of f.
5, 11, 127
Let y(a) = 8*a**2 - 6